 is divided by 16?
15
Let x be 180 + 3 + 6/(-2). Suppose 0 = -v - 0*v + x. Calculate the remainder when v is divided by 46.
42
Suppose -7*k + 28*k = 2436. Calculate the remainder when k is divided by 17.
14
Let m(d) = d**2 - 21*d + 40. Calculate the remainder when 65 is divided by m(2).
1
Let d(a) = -2*a**2 + 6*a + 1. Let u be d(9). Let c = u - -108. Calculate the remainder when 7 is divided by c.
0
Calculate the remainder when ((-5)/(-2))/((-37)/(-1406)) is divided by 8.
7
Suppose 5*q - 1693 + 183 = 0. Suppose -145 + 23 = -2*d - v, -v = 5*d - q. Calculate the remainder when d is divided by 34.
26
Let k(y) = -y**3 + 14*y**2 + 20*y - 54. What is the remainder when 186 is divided by k(15)?
18
Let r(i) = -2*i**2 - 7*i + 1. Let c be r(-5). Calculate the remainder when (-6 - -1)*(c + 1) is divided by 11.
10
Suppose -5*b + 5 = 0, 3*u - u - 95 = -3*b. Suppose 0 = 2*t + 3*c + 98 - 17, -c - 3 = 0. Let o = t - -60. What is the remainder when u is divided by o?
22
Suppose 5*i - 40 = -0*i. Let u(q) = -q**3 - 12*q**2 - 2*q - 11. Calculate the remainder when u(-12) is divided by i.
5
Suppose -3*u + s + 3 = -16, -u - 11 = 4*s. Let n(g) = -2*g**2 + 13*g - 3. What is the remainder when 23 is divided by n(u)?
11
Suppose 3*d - 40 = 47. Suppose x - 54 = -8*x. What is the remainder when d is divided by x?
5
Suppose -47*u + 66*u = 0. Suppose 4*f - 3*t - 55 = -4*t, -5*t - 55 = -2*f. Let v = f - u. Calculate the remainder when v is divided by 6.
3
Let t(s) = s**3 - 8*s**2 - 4*s + 6. Calculate the remainder when 80 is divided by t(9).
29
Let w = 35 - -22. Suppose 2*v = -2*v + 5*c + w, 31 = 2*v - 3*c. Calculate the remainder when 285/9 - (-2)/(-3) is divided by v.
7
Let t = 44 - -3. Suppose 4*k + 96 = 4*z, -2*z + 20 = -z - 3*k. Suppose 3*g + 23 = 2*i, g - z = -2*i + 3*g. What is the remainder when t is divided by i?
15
Calculate the remainder when 89 is divided by (13/2)/((-1)/(-2)).
11
Let u(c) = -c**2 - 11*c + 1. Let x = -69 + 59. Calculate the remainder when u(x) is divided by 3.
2
Suppose 4*m - 5 - 67 = 5*i, -4*m + i = -72. Calculate the remainder when (-7 - -1)/((-2)/41) is divided by m.
15
Let w(s) = -3*s**3 - 8*s**2 + 4*s - 7. Let b(i) = 4*i**3 + 8*i**2 - 4*i + 7. Let g(h) = -2*b(h) - 3*w(h). Calculate the remainder when g(-8) is divided by 15.
9
Suppose 0 = h + 2 - 3, 5*h - 53 = -3*v. Let q be (-69)/(-92) + 38/(-8). What is the remainder when q + 51 - (-3 - (-6 + 1)) is divided by v?
13
Let j be -1 + -1 - (-490)/5. Suppose -2*h - g + 384 = 3*h, h - j = -5*g. What is the remainder when h is divided by 26?
24
Let v be 0 + (-15)/(-10)*-2. Calculate the remainder when 25 is divided by (-7)/(1/(3/v)).
4
Suppose 0 = 2*x + 2*g - 400, -4*x = 5*g - 9*g - 776. Calculate the remainder when x is divided by 50.
47
Let y = -59 + 65. Suppose -4*z + 5*k - y = -38, -2*k = 4*z - 4. Calculate the remainder when z is divided by 2.
1
Let u be 0 - (3058/(-33) - 2/(-3)). Let y = 131 - u. What is the remainder when 194 is divided by y?
38
Let i(v) = 208*v**2 + 4*v + 3. Let d be i(-2). Suppose 3*r - 485 = 5*k, -r + 6*r + k - d = 0. What is the remainder when r is divided by 42?
39
Suppose -3*o = -5*c - 76, 2*c - 35 = -2*o + 21. What is the remainder when (294/28)/(2/20) is divided by o?
24
What is the remainder when 1110/20*(-16)/(-12) is divided by 19?
17
Suppose 19*c - 9*c = 1710. Calculate the remainder when c is divided by 25.
21
Calculate the remainder when (44 - 44) + 854/2 is divided by 62.
55
Suppose 2 = -5*x + 407. Suppose 5576*j = 5568*j + 328. What is the remainder when x is divided by j?
40
Suppose -5*n + 4*f - 3 = 0, -5*n + 7 = -0*n + f. What is the remainder when (n/(-2) - 3/(-2)) + 206 is divided by 14?
11
Let w(n) = 86*n - 1. What is the remainder when w(1) is divided by (16/(-24))/(((-5)/(-33))/(-5))?
19
Let c be 2/(-2) + 50 + -4. Calculate the remainder when ((-288)/(-30))/(6/c) is divided by 15.
12
Let l(x) = 2*x + 4. Let z be ((-20)/20)/(-1 + (-8)/(-10)). Calculate the remainder when 26 is divided by l(z).
12
Let y = -124 + 7. Let i = -106 - y. Calculate the remainder when i is divided by 6.
5
Suppose 0 = -3*p - 3 - 0. Let k = 264 - 258. What is the remainder when (19 - 1/1) + p is divided by k?
5
Let m(h) = h**2 + 5*h + 2. Let z(y) = -y + 20. What is the remainder when z(5) is divided by m(-6)?
7
Let f(q) = -q**2 + 19*q - 82. What is the remainder when f(8) is divided by 2?
0
Suppose 0 = 6*d - 0*d - 846. What is the remainder when d is divided by (-35 - -20)*(-16)/10?
21
Let d = 387 + -372. What is the remainder when 43 is divided by d?
13
Suppose -5*s - 2*b = -136, 2*s + b + 58 = 4*s. What is the remainder when 106 is divided by s?
22
Let l(y) = -y**2 - 7*y - 4. Let w be l(-6). What is the remainder when 58 + (w/(-1) - 2) is divided by 7?
5
Let k(t) = -54*t**3 - t**2 + t + 2. What is the remainder when k(-1) is divided by 15?
9
Let u be (-34)/(-4) + 2/(12/(-9)). Let v = u + 40. Let j = 4 + 20. Calculate the remainder when v is divided by j.
23
Suppose -3*m + 3*i = -7*m + 389, -5*m - 5*i + 485 = 0. Suppose -7*x + m = -0*x. Suppose -5*g - g + 234 = 0. Calculate the remainder when g is divided by x.
11
Let t(l) = -l**3 - 26*l**2 - 28*l - 22. Calculate the remainder when t(-25) is divided by 14.
11
Let q(w) = -w**3 - 11*w**2 - 10*w + 10. Suppose 3*b + 2*b = 130. Suppose -5*g - j = -b, g + 3 + 11 = -5*j. What is the remainder when q(-10) is divided by g?
4
Suppose -7*b + 2867 + 605 = 0. Suppose -8*v + b = -0*v. Calculate the remainder when v is divided by 22.
18
Calculate the remainder when 149 is divided by (((-2)/(-3))/(-1))/(8/(-60)).
4
Suppose 7*m + 321 = -323. Let i = 31 - m. What is the remainder when i is divided by 25?
23
Suppose -14 = -10*i + 26. Suppose -i*j + 32 + 104 = 0. Calculate the remainder when 96 is divided by j.
28
Suppose -4*k = w - k - 27, 0 = -2*w + 5*k + 65. Calculate the remainder when w is divided by 8.
6
Suppose 0 = 3*a - a + 5*u - 8, 5*u = 3*a - 62. Let v(k) = k**3 + 3*k**2 - k - 3. Calculate the remainder when (-1)/(-2)*(a + -2) is divided by v(-2).
0
Let q(n) = -n**2 + 34*n + 44. Calculate the remainder when 57 is divided by q(35).
3
Let c(s) = -s**2 - 3*s + 8*s - 2*s + 10. Let v be c(4). Suppose y = v*k - k - 13, 4*k = -5*y + 22. What is the remainder when 7 is divided by k?
1
Suppose -108 = -14*y + 8*y. Let g(r) = r**3 + 3*r**2 - r - 4. What is the remainder when g(3) is divided by y?
11
Suppose 5*z + 512 = 9*z. Calculate the remainder when z is divided by 13.
11
Let d(f) = -f - 1. Let v be ((-36)/2)/((-60)/80). Let y = v + -19. Calculate the remainder when y is divided by d(-4).
2
Let b(p) = 3*p**2 - 17*p + 56. Calculate the remainder when 8/28 - 1760/(-14) is divided by b(3).
30
Let q(j) = 4*j**3 - 4*j**2 - j. Let l(z) = z**2 - 5*z + 3. Let a be l(5). Calculate the remainder when q(a) is divided by 35.
34
Suppose -5*q - j = 32, -4*j = 3*q - q + 2. Let y(h) = -2*h + 3. Calculate the remainder when y(q) is divided by 8.
1
Suppose 45*s = -22*s + 737. Calculate the remainder when 131 is divided by s.
10
Let w = -16 + 18. Suppose 2*g - 88 = z - 4*z, 0 = -5*z + w*g + 168. What is the remainder when z is divided by 7?
4
Let s = 28 + -28. Suppose t - 2 - 7 = s. Suppose 0 = -5*n - 2*p - 3*p + 35, 2*p = 5*n - 14. What is the remainder when t is divided by n?
1
Suppose -23*z = -28*z + 100. Let s = z - 23. Calculate the remainder when 34 is divided by (s/(-4))/((-9)/(-108)).
7
Suppose -15*c - 30 = -12*c. Let w = 38 + c. Suppose 3*h - 89 = 154. What is the remainder when h is divided by w?
25
Let c(h) = -2*h + 13. Let f be c(9). Let z = -2 - f. Calculate the remainder when 9 is divided by z.
0
Suppose 5*d + b - 54 - 23 = 0, 0 = 5*d - 3*b - 69. Suppose 2*a + a = d. Let h = a - 1. Calculate the remainder when 15 is divided by h.
3
Let m be (0 + 19 + -4)*1. Suppose 0 = -17*z + m*z + 28. Suppose -a = -0*d - 2*d - 50, -5*a = -d - 268. Calculate the remainder when a is divided by z.
12
Suppose -4*h + 6 + 6 = 0. Let q(f) = 4*f - 3. Let x be q(h). Suppose 0 = 2*y - x - 5. Calculate the remainder when 25 is divided by y.
4
Suppose 4*f = 154 + 194. Suppose -5*u + 13 = -f. What is the remainder when (-24)/56*-7 + 74*1 is divided by u?
17
Let l(w) = -w**3 + 2*w**2 + w - 1. Let z be l(-1). Let k(i) = 8*i**2 - 2*i + 1. Calculate the remainder when 8 is divi